eatest common factor of 700 and 400.
100
Calculate the highest common factor of 360 and 1480.
40
Calculate the highest common factor of 72 and 9.
9
Calculate the greatest common factor of 9 and 7875.
9
Calculate the greatest common divisor of 27 and 333.
9
Calculate the greatest common divisor of 22 and 506.
22
Calculate the highest common factor of 2555 and 219.
73
What is the greatest common factor of 60 and 570?
30
What is the greatest common divisor of 296 and 370?
74
Calculate the highest common factor of 3835 and 52.
13
Calculate the highest common divisor of 4723 and 1.
1
Calculate the highest common factor of 952 and 357.
119
Calculate the highest common divisor of 18 and 342.
18
What is the greatest common divisor of 570 and 150?
30
What is the greatest common factor of 36 and 4?
4
What is the highest common divisor of 15738 and 1032?
258
What is the greatest common divisor of 2416 and 128?
16
What is the greatest common factor of 22 and 6490?
22
Calculate the greatest common divisor of 3350 and 1450.
50
Calculate the greatest common factor of 60 and 135.
15
Calculate the greatest common factor of 66 and 572.
22
Calculate the highest common divisor of 1334 and 26.
2
What is the greatest common divisor of 2057 and 17?
17
Calculate the highest common divisor of 32 and 16.
16
Calculate the highest common divisor of 169 and 3562.
13
Calculate the highest common factor of 1909 and 83.
83
Calculate the highest common divisor of 440 and 72.
8
What is the greatest common divisor of 4 and 9244?
4
What is the greatest common factor of 860 and 260?
20
Calculate the greatest common divisor of 29 and 638.
29
What is the greatest common divisor of 134 and 3819?
67
What is the highest common factor of 204 and 444?
12
What is the greatest common factor of 174 and 3364?
58
What is the highest common factor of 8624 and 448?
112
Calculate the greatest common divisor of 4171 and 776.
97
What is the greatest common divisor of 249 and 3?
3
Calculate the highest common divisor of 2295 and 30.
15
What is the highest common divisor of 1 and 386?
1
Calculate the highest common divisor of 408 and 238.
34
Calculate the highest common factor of 7360 and 138.
46
Calculate the highest common divisor of 27216 and 112.
112
Calculate the highest common divisor of 108 and 180.
36
Calculate the highest common factor of 270 and 2403.
27
What is the highest common factor of 240 and 2064?
48
Calculate the highest common factor of 448 and 128.
64
Calculate the highest common factor of 2948 and 33.
11
Calculate the highest common factor of 1450 and 58.
58
What is the highest common divisor of 616 and 1022?
14
Calculate the highest common factor of 208 and 1547.
13
Calculate the highest common factor of 21 and 1.
1
What is the greatest common factor of 27 and 729?
27
What is the greatest common factor of 95 and 6802?
19
Calculate the highest common factor of 59 and 16343.
59
Calculate the greatest common divisor of 420 and 9870.
210
What is the highest common divisor of 25 and 6025?
25
Calculate the greatest common divisor of 2 and 243.
1
Calculate the greatest common factor of 209 and 44.
11
Calculate the highest common factor of 6 and 8982.
6
What is the greatest common divisor of 345 and 138?
69
Calculate the greatest common divisor of 112 and 976.
16
What is the highest common divisor of 10 and 270?
10
What is the highest common divisor of 1770 and 1290?
30
Calculate the greatest common divisor of 184 and 552.
184
What is the greatest common divisor of 34 and 22882?
34
Calculate the greatest common factor of 15 and 38145.
15
Calculate the greatest common factor of 10 and 14.
2
Calculate the highest common factor of 100 and 5440.
20
What is the greatest common divisor of 372 and 6?
6
Calculate the highest common divisor of 6 and 834.
6
Calculate the highest common factor of 4 and 202.
2
What is the highest common divisor of 810 and 45?
45
What is the greatest common divisor of 39 and 21099?
39
Calculate the highest common factor of 213 and 4899.
213
Calculate the highest common divisor of 30 and 191700.
30
What is the greatest common divisor of 46 and 414?
46
What is the highest common divisor of 231 and 264?
33
What is the greatest common divisor of 132 and 10780?
44
Calculate the highest common factor of 616 and 168.
56
Calculate the greatest common divisor of 852 and 8236.
284
What is the greatest common divisor of 107 and 1284?
107
What is the greatest common factor of 161 and 391?
23
What is the highest common divisor of 428 and 16?
4
Calculate the greatest common factor of 96 and 64.
32
Calculate the highest common divisor of 18 and 450.
18
Calculate the greatest common factor of 650 and 2080.
130
Calculate the greatest common divisor of 1189 and 29.
29
Calculate the highest common factor of 740 and 60.
20
What is the highest common divisor of 63 and 387?
9
What is the highest common factor of 8 and 1544?
8
What is the greatest common divisor of 470 and 10904?
94
Calculate the highest common divisor of 5246 and 61.
61
Calculate the greatest common divisor of 133 and 119.
7
Calculate the greatest common factor of 10001 and 146.
73
What is the greatest common factor of 893 and 19?
19
Calculate the greatest common factor of 34 and 38.
2
What is the greatest common factor of 27150 and 150?
150
Calculate the highest common divisor of 580 and 20.
20
What is the greatest common factor of 11 and 407?
11
Calculate the highest common factor of 28 and 150836.
28
What is the highest common factor of 220 and 165?
55
What is the greatest common factor of 6 and 282?
6
What is the highest common factor of 286 and 33?
11
Calculate the highest common factor of 902 and 9758.
82
What is the highest common divisor of 22 and 8?
2
Calculate the highest common factor of 36 and 240.
12
What is the greatest common factor of 1881 and 114?
57
What is the greatest common divisor of 213 and 129291?
213
Calculate the highest common factor of 1035 and 1794.
69
What is the highest common divisor of 104 and 8?
8
What is the greatest common factor of 10809 and 9?
9
What is the greatest common factor of 2 and 263?
1
What is the greatest common factor of 35 and 7?
7
Calculate the greatest common divisor of 1080 and 1728.
216
Calculate the highest common factor of 21 and 282.
3
What is the greatest common divisor of 72570 and 492?
246
What is the greatest common divisor of 2223 and 9?
9
What is the greatest common factor of 1072 and 335?
67
Calculate the highest common divisor of 80 and 235.
5
What is the highest common factor of 90 and 3735?
45
Calculate the highest common factor of 32 and 13408.
32
Calculate the highest common divisor of 395 and 158.
79
What is the highest common divisor of 451 and 164?
41
What is the highest common factor of 6541 and 124?
31
Calculate the greatest common factor of 99 and 330.
33
Calculate the highest common divisor of 216 and 42.
6
What is the greatest common factor of 900 and 1700?
100
What is the greatest common factor of 19 and 1?
1
Calculate the highest common divisor of 960 and 16.
16
What is the greatest common divisor of 24 and 10104?
24
What is the greatest common divisor of 2 and 502?
2
Calculate the greatest common factor of 970 and 10.
10
Calculate the highest common factor of 3 and 24.
3
Calculate the highest common factor of 318 and 6.
6
Calculate the greatest common factor of 216 and 2214.
54
What is the greatest common divisor of 16 and 2424?
8
What is the greatest common divisor of 276 and 3772?
92
What is the highest common factor of 112 and 3840?
16
What is the greatest common factor of 88 and 2662?
22
Calculate the highest common divisor of 462 and 714.
42
What is the greatest common divisor of 84 and 126?
42
What is the highest common divisor of 3322 and 44?
22
Calculate the greatest common factor of 24384 and 24.
24
Calculate the greatest common factor of 4 and 16.
4
Calculate the highest common factor of 468 and 270.
18
Calculate the greatest common divisor of 8 and 248.
8
What is the greatest common divisor of 133 and 95?
19
Calculate the highest common factor of 62 and 217.
31
What is the greatest common divisor of 27405 and 378?
189
Calculate the greatest common factor of 4050 and 200.
50
Calculate the highest common factor of 10564 and 4